 is -1 - 42123044124?
-42123044130
In base 14, what is -dc855739 - 4?
-dc85573d
In base 13, what is -c1b08b - -4?
-c1b087
In base 16, what is -8be + 893?
-2b
In base 16, what is 5 + c6509?
c650e
In base 6, what is 12 - -20552433333?
20552433345
In base 14, what is -27254050 - 4?
-27254054
In base 5, what is 1331432 - -2213?
1334200
In base 10, what is -75320 + -64?
-75384
In base 15, what is 969513 - 1b?
9694e7
In base 9, what is 1627 - -127200?
128827
In base 16, what is 11ba616 + 5?
11ba61b
In base 6, what is -522253 - 32550?
-555243
In base 5, what is -2 - 22042213024?
-22042213031
In base 2, what is 1010110111010001110001110 + -10?
1010110111010001110001100
In base 6, what is -233133 - -35034?
-154055
In base 14, what is 2 - 14dc42b0?
-14dc42ac
In base 16, what is -1818 - -2edd?
16c5
In base 9, what is -38 - 121334?
-121373
In base 9, what is 76458180 - 15?
76458164
In base 10, what is 2920232 - 10?
2920222
In base 5, what is -233203232 - -2240?
-233200442
In base 6, what is -320310004 - 0?
-320310004
In base 3, what is 22 - 2110002011?
-2110001212
In base 14, what is 83 + 390d29?
390dac
In base 10, what is -24291236 - 2?
-24291238
In base 15, what is -19582c - -8?
-195824
In base 14, what is -427245 + -25?
-42726a
In base 12, what is b10b - aa4b?
280
In base 2, what is -1011101110100010101 - -111010?
-1011101110011011011
In base 8, what is 775530 + -105?
775423
In base 10, what is 393200 - 84?
393116
In base 11, what is 1033240a - -3?
10332412
In base 7, what is -4 - -1010444623?
1010444616
In base 15, what is -2898d1a7 - -3?
-2898d1a4
In base 6, what is 411100145 + -240?
411055505
In base 5, what is 111 - 2040340123?
-2040340012
In base 5, what is 1032224 + -203430?
323244
In base 6, what is -143 + -1010151041?
-1010151224
In base 5, what is -1042212100 - 313?
-1042212413
In base 7, what is 12510106 + 346?
12510455
In base 8, what is 47653012 + 3?
47653015
In base 2, what is 11000010 + -11011011010010111?
-11011010111010101
In base 11, what is -3622 + 1445a6?
140a84
In base 14, what is 4 - 13a89724?
-13a89720
In base 9, what is 23552128 + -17?
23552111
In base 8, what is 27 - -246153305?
246153334
In base 6, what is 0 + -21221523441?
-21221523441
In base 7, what is -15621503 - -105?
-15621365
In base 14, what is 35bd199 + -5?
35bd194
In base 4, what is 33332 + -232022?
-132030
In base 14, what is 322d7d1 + 0?
322d7d1
In base 15, what is -41e + 5b7c?
575d
In base 2, what is -1000101100101110 + 10010011111100?
-110011000110010
In base 8, what is 10062 - 71133?
-61051
In base 10, what is -4232191 + -113?
-4232304
In base 12, what is 57 + 288a89?
288b24
In base 5, what is -34121134243 + 40?
-34121134203
In base 11, what is 710 - -564?
1174
In base 8, what is -1 + -151350373?
-151350374
In base 11, what is -4 + 4769a57?
4769a53
In base 10, what is 42 - -1997156?
1997198
In base 7, what is 2 - -4336001333?
4336001335
In base 5, what is 131331022140 + 2?
131331022142
In base 10, what is 2555 - 449249?
-446694
In base 16, what is 156c233 - -4?
156c237
In base 9, what is 308216 - -7?
308224
In base 6, what is -114 - -25501022?
25500504
In base 16, what is -1228b + dc?
-121af
In base 8, what is 5 + 14101723?
14101730
In base 3, what is -2202210 - 122102120121?
-122112100101
In base 4, what is -201123200131 + -11?
-201123200202
In base 13, what is -2 + 368957?
368955
In base 7, what is -10404 + 12030?
1323
In base 16, what is 1b7a0 + -f?
1b791
In base 7, what is 1631 - -43416?
45350
In base 13, what is 10ac + b9?
1198
In base 6, what is -41522 + -20222?
-102144
In base 3, what is -2220122222220 + 1?
-2220122222212
In base 15, what is 20bceb + -b9?
20bc32
In base 16, what is -d8 - -17809?
17731
In base 4, what is 11012211 - 130123?
10222022
In base 9, what is 0 - 5618578?
-5618578
In base 6, what is 0 - 25405033201?
-25405033201
In base 15, what is 227debcb + -3?
227debc8
In base 7, what is 26355 - 6311?
20044
In base 12, what is 60712b + -8?
607123
In base 3, what is 2100222 + 121222011?
201100010
In base 6, what is 2233344324 + -23?
2233344301
In base 6, what is -4 - 300031535?
-300031543
In base 12, what is -3197 + 1b07?
-1290
In base 10, what is 110 - -1674787?
1674897
In base 6, what is -132003 + 14323?
-113240
In base 13, what is 14cc4c + a?
14cc59
In base 13, what is b7a - -aaa7?
b954
In base 8, what is -2312123570 - -4?
-2312123564
In base 12, what is -2 - 1b1114?
-1b1116
In base 5, what is -41043 - -122040?
30442
In base 16, what is 2f5c9a6c - -3?
2f5c9a6f
In base 13, what is -25b82 - baa?
-26a5c
In base 6, what is -1234222 + 52513?
-1141305
In base 3, what is 11 - -1211011112111?
1211011112122
In base 2, what is -10001000000000011110011001 - -101?
-10001000000000011110010100
In base 7, what is 40 - -45510613?
45510653
In base 15, what is -a22 + -1463?
-1e85
In base 4, what is 302 + 2001133?
2002101
In base 16, what is 245 - 7162c?
-713e7
In base 10, what is -2 - -2276658?
2276656
In base 14, what is -135 - -7aa43?
7a90c
In base 7, what is 6134001 - 64?
6133604
In base 15, what is 10649ea - 3?
10649e7
In base 12, what is -1 + 61a206?
61a205
In base 4, what is 3010 + 1022331021?
1023000031
In base 16, what is -6 - 16970b?
-169711
In base 13, what is -a41 + -2c52?
-3993
In base 16, what is 3f05 - -83e8?
c2ed
In base 8, what is 2512 - 325125?
-322413
In base 10, what is 11260 - -448?
11708
In base 8, what is -1222367 + -454?
-1223043
In base 4, what is 320302103000 + 2?
320302103002
In base 3, what is 210002 + -2112210120?
-2112000111
In base 5, what is 4112 - -100030?
104142
In base 6, what is -34 + 43114?
43040
In base 2, what is -1010001011010010101100000 + -100?
-1010001011010010101100100
In base 15, what is 3 + -23e525?
-23e522
In base 4, what is 3212131312 - -1003?
3212132321
In base 16, what is -95ec + -879?
-9e65
In base 4, what is 103221012 + 2222000?
112103012
In base 7, what is -351 - 1045325?
-1046006
In base 2, what is 111 + 11000110101100101?
11000110101101100
In base 4, what is 103 - 11003231123?
-11003231020
In base 10, what is -6411 + 3803?
-2608
In base 6, what is -13213540 + -15?
-13213555
In base 4, what is -1211 + -3220100112?
-3220101323
In base 7, what is -5 + 13161556?
13161551
In base 15, what is -9d - -ec01?
eb53
In base 14, what is -3508 - -bb?
-342b
In base 2, what is 1000100000 - -1010011011001101?
1010100011101101
In base 16, what is -bb8 + -1f0a?
-2ac2
In base 14, what is 7a71 - da?
7975
In base 5, what is 3 - 30042000400?
-30042000342
In base 14, what is 246bb8 + -68?
246b50
In base 6, what is -232232 - 22?
-232254
In base 15, what is 14481ad - -4?
14481b2
In base 5, what is 14122 - -11403403?
11423030
In base 16, what is -1e + 1eb08?
1eaea
In base 13, what is -1 + 138771b?
138771a
In base 15, what is 0 - 17a11?
-17a11
In base 6, what is 2203 + 2122500?
2125103
In base 6, what is 220434 - -3440?
224314
In base 13, what is 1c4 + -246001?
-245b0a
In base 6, what is 541 - -400510?
401451
In base 8, what is -64 + -21702646?
-21702732
In base 8, what is 2 - 135553067?
-135553065
In base 10, what is -1153330 + 176?
-1153154
In base 5, what is 2 - -404422241434?
404422241441
In base 10, what is 2 - -1760555?
1760557
In base 9, what is -261332 - 481?
-261823
In base 3, what is 12212102201200020 + -12?
12212102201200001
In base 4, what is -21013020312 + -3?
-21013020321
In base 12, what is -6 + -81a4221?
-81a4227
In base 5, what is -413 + 100123010?
100122042
In base 2, what is -11 - 1101101100101111000110110100?
-1101101100101111000110110111
In base 6, what is -1 - 513145352?
-513145353
In base 8, what is -54 - 21571565?
-21571641
In base 14, what is -106c406d - -3?
-106c406a
In base 10, what is 73052459 + -3?
73052456
In base 12, what is 917224 - -33?
917257
In base 3, what is 20 - -200120101002?
200120101022
In base 11, what is -35833505 + -7?
-35833511
In base 11, what is 123 - -14324a?
143372
In base 12, what is -191 - -6b400?
6b22b
In base 13, what is 273 - -b107?
b37a
In base 2, what is -110001101000001000 + -111001?
-110001101001000001
In base 13, what is 8217 + -b6?
8131
In base 15, what is 5 - -8182ab?
8182b1
In base 9, what is 30 - 1006748?
-1006718
In base 9, what is -7077 + 1460?
-5517
In base 3, what is 2122012 - 11210100?
-2011011
In base 13, what is 826 + b007?
b830
In base 5, what is -1 + -213212224